 is -21753 + 336?
-21416
In base 12, what is -26 - -bb?
95
In base 15, what is 1a - 4c316?
-4c2eb
In base 5, what is 10044 - 2310?
2234
In base 10, what is 3 + -5463?
-5460
In base 7, what is 126166 + -3?
126163
In base 4, what is -20322 - -1011?
-13311
In base 14, what is 4545d + -5?
45458
In base 2, what is -100010010 + -10101?
-100100111
In base 15, what is -1db + -12c?
-318
In base 11, what is 43 - -61a?
662
In base 4, what is -322111323 - 0?
-322111323
In base 11, what is 3122 + -37a?
2853
In base 8, what is -5 + -45067?
-45074
In base 4, what is 31 + -11120113?
-11120022
In base 15, what is -4172 - -33?
-413e
In base 3, what is -11 + -200222002?
-200222020
In base 9, what is 143 - 885?
-742
In base 7, what is -23 - 1340343?
-1340366
In base 9, what is 8140 + -6?
8133
In base 5, what is -22 - -14401211?
14401134
In base 7, what is 40 - 1130?
-1060
In base 2, what is -1010011111 - -110011?
-1001101100
In base 3, what is -1000002022001010 - 2?
-1000002022001012
In base 2, what is 101 - -11010101001010?
11010101001111
In base 2, what is -1011001 + 101011100?
100000011
In base 8, what is 12 + -23626?
-23614
In base 16, what is 9413 - 5?
940e
In base 12, what is -142 + -57?
-199
In base 9, what is 5 - 10813?
-10807
In base 14, what is 1 - 2a034?
-2a033
In base 8, what is 0 + 506134?
506134
In base 8, what is -127 + -354?
-503
In base 11, what is 2 - -983a1?
983a3
In base 11, what is 18746 + -1?
18745
In base 11, what is -21 + 330?
30a
In base 12, what is -25b04 + 12?
-25ab2
In base 4, what is -1011 - -23101013?
23100002
In base 2, what is -10100000101 + -10001?
-10100010110
In base 16, what is -9ad - d?
-9ba
In base 12, what is ab70 - 1?
ab6b
In base 10, what is 554896 + 0?
554896
In base 3, what is -22 + 1222111121?
1222111022
In base 15, what is c8 - -a0?
178
In base 9, what is -25201 + -55?
-25256
In base 6, what is -11231 - -143?
-11044
In base 2, what is 1101100111011 + 1111111?
1101110111010
In base 11, what is 10 - -9174?
9184
In base 8, what is -122 - -44070?
43746
In base 12, what is 20569 + 4?
20571
In base 11, what is -4 - -484a?
4846
In base 3, what is 2010100 - -10001?
2020101
In base 10, what is -132170 - -1?
-132169
In base 4, what is 11 + 133303?
133320
In base 13, what is -813 - -c0?
-723
In base 13, what is -39ab + 6?
-39a5
In base 10, what is 6361 - 5?
6356
In base 5, what is 100 + -44142?
-44042
In base 8, what is 666163 - 4?
666157
In base 14, what is 3d - -149?
188
In base 12, what is -4b + 404?
375
In base 3, what is -100220102 - -2100?
-100211002
In base 10, what is 8586 - 68?
8518
In base 7, what is -146 - -30110?
26631
In base 4, what is 0 + 3203320?
3203320
In base 13, what is 1 + -1a186a?
-1a1869
In base 10, what is 21954 + 1?
21955
In base 10, what is -17 + 9339?
9322
In base 12, what is -11 + -146818?
-146829
In base 15, what is -312314 - -4?
-312310
In base 7, what is 2303661 - -2?
2303663
In base 7, what is 43 + -3366?
-3323
In base 10, what is 9069 - 3?
9066
In base 4, what is 133 + 221002?
221201
In base 13, what is 32731 - 3?
3272b
In base 9, what is 100 - -1064?
1164
In base 14, what is 8b12 + 7?
8b19
In base 6, what is 1532 - 2421?
-445
In base 10, what is 20440 + -5?
20435
In base 5, what is -344003 + 324?
-343124
In base 14, what is b6 - -345?
41b
In base 10, what is -58 + -15378?
-15436
In base 8, what is -1364 - -15?
-1347
In base 15, what is b0cc - -1?
b0cd
In base 2, what is 1010111 - 1110100000111?
-1110010110000
In base 10, what is 17129 + 0?
17129
In base 2, what is 1000001011001101 - 11?
1000001011001010
In base 14, what is -d0 - 12a?
-21a
In base 8, what is 31562 - 4?
31556
In base 10, what is -370727 - -2?
-370725
In base 2, what is 100111001110100001111 - 0?
100111001110100001111
In base 3, what is 12 - 102011222121?
-102011222102
In base 7, what is -11 + 102310?
102266
In base 5, what is 1221 + 144322?
201043
In base 5, what is 12232344 - 0?
12232344
In base 16, what is -160 + 6b?
-f5
In base 16, what is -1a + -11b5c?
-11b76
In base 6, what is -15141 + 150?
-14551
In base 6, what is -21453 + 22?
-21431
In base 9, what is 33 - 12263?
-12230
In base 2, what is 11001 - 100001111100?
-100001100011
In base 14, what is 0 - 298b?
-298b
In base 4, what is -1030 - -10212?
3122
In base 16, what is -7dae + 0?
-7dae
In base 12, what is 0 - 1a9b5?
-1a9b5
In base 7, what is 2 + 50244?
50246
In base 2, what is -100111011100110011000 - 101?
-100111011100110011101
In base 11, what is -12 + -25a3?
-2605
In base 2, what is 100 - 111001?
-110101
In base 15, what is -12361 - 3?
-12364
In base 15, what is -7e3a + 2?
-7e38
In base 13, what is -26c2 + -20?
-2712
In base 10, what is 571 + 144?
715
In base 12, what is -128071 + -8?
-128079
In base 4, what is 110002 + -131013?
-21011
In base 6, what is -140250 - 5?
-140255
In base 12, what is 7768 + -15?
7753
In base 5, what is -14121 + 31?
-14040
In base 16, what is 200ad + 1?
200ae
In base 10, what is 4748 + -11?
4737
In base 4, what is -21 + -223013?
-223100
In base 8, what is -153 - -4745?
4572
In base 10, what is -109 + 2286?
2177
In base 11, what is 3976 + -34?
3942
In base 4, what is 10 + -2323323?
-2323313
In base 4, what is 232 - 203?
23
In base 13, what is 1 - -10a14?
10a15
In base 11, what is -2 - 85a0?
-85a2
In base 11, what is 0 - 47a39?
-47a39
In base 9, what is 1 - -17084?
17085
In base 8, what is 17462 - 110?
17352
In base 5, what is 10 + 1002311?
1002321
In base 10, what is 7 + -55258?
-55251
In base 12, what is 9a + -399?
-2bb
In base 5, what is -4021 - -13?
-4003
In base 10, what is 105 + -2541?
-2436
In base 4, what is 10 - 1132310?
-1132300
In base 4, what is 31 + 3220?
3311
In base 4, what is 0 - -203032121?
203032121
In base 2, what is -1001 + 11111?
10110
In base 8, what is 1357 + -13215?
-11636
In base 3, what is 0 - 12110200?
-12110200
In base 15, what is -43d3 + 89?
-4349
In base 12, what is -5 + 17845?
17840
In base 14, what is -7b + -5b5a?
-5bd7
In base 14, what is 0 + 809?
809
In base 13, what is 3 - 4314?
-4311
In base 4, what is 113 - -1312002?
1312121
In base 6, what is 5 + -3202244?
-3202235
In base 12, what is -4140 - 2?
-4142
In base 15, what is 264 - 275?
-11
In base 8, what is 47251 - -6?
47257
In base 7, what is -3 - 363041?
-363044
In base 11, what is 0 + -12a500?
-12a500
In base 12, what is -32 + 3856?
3824
In base 10, what is -10457 - 39?
-10496
In base 11, what is 4 + 10008?
10011
In base 13, what is 157687 - 1?
157686
In base 4, what is 1303122 - -1203?
1310331
In base 14, what is -47 + -32d6?
-333d
In base 9, what is 34 + 31682?
31726
In base 12, what is 4594 - 2?
4592
In base 16, what is -672 - 2?
-674
In base 15, what is 195 + -13a0?
-120a
In base 12, what is 6aa + 126?
814
In base 11, what is -5252 - -452?
-4900
In base 5, what is 313 + -20233?
-14420
In base 16, what is 45329 - -a?
45333
In base 10, what is 2 - 3071?
-3069
In base 3, what is 1100121202 + 0?
1100121202
In base 12, what is -1532a77 + 1?
-1532a76
In base 4, what is 103210332 - -2?
103211000
In base 11, what is -1 + 3667?
3666
In base 7, what is -614105 - -2?
-614103
In base 11, what is -4 + 14858?
14854
In base 13, what is -69 + -508?
-574
In base 2, what is 10101 + 100011101000011?
100011101011000
In base 3, what is 2102020 + 22?
2102112
In base 11, what is -22041 + -62?
-220a3
In base 12, what is -2 - 6b1?
-6b3
In base 8, what is 105 - 660?
-553
In base 15, what is -5106 - -8?
-50ed
In base 15, what is -2a88 + 6?
-2a82
In base 13, what is 173 - -84?
227
In base 5, what is -114 + -31334?
-32003
In base 15, what is -3049 - 3c?
-3086
In base 9, what is -280420 - -40?
-280370
In base 4, what is 103 + 331222031?
331222200
In base 10, what is 6 + 46528?
46534
In base 6, what is -10440 + -13?
-10453
In base 9, what is -7808 - -20?
-7778
In base 15, what is 3010 - -d?
301d
In base 3, what is -102110000 - 20002?
-102200002
In base 3, what is 112 - 12122110102?
-12122102220
In base 16, what is 324d - -12?
325f
In base 15, what is 11be0 - -e?
11bee
In base 10, what is 100 + 407?
507
In base 2, what is -10010 + -100101110110000101?
-100101110110010111
In base 13, what is -189 + 194?
8
In base 2, what is 10110 - -1101010?
10000000
In base 2, what is 0 - 10001011000010?
-10001011000010
In base 4, what is 113303311 + 11?
113303322
In base 12, what is -44373 + -7?
-4